0
Convert 10000001000110010 (base 2) to base 16.
10232
What is 522249 (base 12) in base 13?
361ba2
What is -849dab (base 15) in base 8?
-30046061
Convert -25088 (base 15) to base 7.
-1001522
Convert 28dd9f (base 16) to base 10.
2678175
What is -47656 (base 13) in base 11?
-8a226
-1001102210 (base 3) to base 10
-20730
Convert 9a1a (base 13) to base 4.
11033232
What is 4436263 (base 9) in base 2?
1001000110100100111100
What is -221431443 (base 5) in base 8?
-3542104
40300005 (base 6) to base 16
117125
Convert -49503 (base 14) to base 13.
-63828
What is -34352b (base 12) in base 10?
-835379
5159501 (base 10) to base 3
100201010111122
2335021 (base 6) to base 14
32473
What is 1010210112210 (base 3) in base 16?
93ff6
Convert 953802 (base 11) to base 9.
2777453
111220311 (base 4) to base 3
11111120120
What is 311120201132 (base 4) in base 11?
7998a5a
What is 1375278 (base 11) in base 4?
21001030113
What is 47c84 (base 15) in base 11?
147016
What is 200010121121 (base 3) in base 16?
57241
What is -4771132 (base 10) in base 2?
-10010001100110100111100
Convert 70a77 (base 11) to base 14.
29b6d
Convert -675167 (base 8) to base 5.
-24243314
-1112122122 (base 3) to base 14
-b0cd
Convert 1020031424 (base 5) to base 13.
58c103
11231230201 (base 4) to base 12
602a01
What is a1137 (base 14) in base 15?
79a9e
What is -18b10 (base 14) in base 15?
-137e3
What is -1100001101101010010 (base 2) in base 16?
-61b52
What is -2bd518 (base 15) in base 2?
-1000000101101111001000
2671813 (base 11) to base 2
10001100110100001010100
Convert -3112205 (base 6) to base 4.
-210200231
Convert 11020001010 (base 3) to base 6.
1440520
What is -112340434 (base 5) in base 13?
-14c072
What is 5746c3 (base 14) in base 9?
5526504
Convert 5455426 (base 7) to base 15.
d3524
12654514 (base 7) to base 13
321091
What is -11110011110011100000 (base 2) in base 16?
-f3ce0
-151047 (base 8) to base 7
-312564
What is -110000001010000001 (base 2) in base 13?
-6ba20
What is 1383473 (base 9) in base 13?
209787
Convert -4b408 (base 15) to base 4.
-322232111
What is -122010321300 (base 4) in base 5?
-3222221244
Convert -202332222 (base 4) to base 10.
-143274
-18117026 (base 9) to base 13
-1b6a518
Convert -814a75 (base 12) to base 16.
-1ed1f9
Convert 31031202 (base 5) to base 6.
5222524
Convert -2030351 (base 6) to base 8.
-276073
What is -222425621 (base 7) in base 16?
-cdc7d8
21143 (base 6) to base 9
3840
1054136 (base 7) to base 2
100000000000011110
Convert -504160 (base 9) to base 6.
-10221000
Convert 212220110120220 (base 3) to base 14.
1989dd6
-55242524 (base 7) to base 4
-102013230233
Convert 161004 (base 15) to base 13.
2b458a
15967 (base 16) to base 2
10101100101100111
b3b03 (base 15) to base 11
359948
Convert -1794a74 (base 11) to base 3.
-12201022101200
7f959 (base 16) to base 10
522585
What is 1204222402 (base 5) in base 9?
5244323
What is -130024444 (base 5) in base 16?
-990ba
Convert 1124220 (base 8) to base 7.
2411035
4102116 (base 8) to base 5
234114241
-121110222 (base 4) to base 14
-29b2a
-1425021 (base 7) to base 13
-6917a
What is -95232b (base 14) in base 16?
-4ce213
Convert -224454 (base 6) to base 12.
-b12a
Convert -28383 (base 9) to base 16.
-4b48
31798a (base 15) to base 4
20332311202
-1206cd (base 14) to base 3
-1011022000022
What is -110010101110101111111 (base 2) in base 14?
-313b43
2111123220 (base 4) to base 9
1132540
What is -10001100100101010100 (base 2) in base 4?
-2030211110
30111012 (base 4) to base 2
1100010101000110
Convert -321528 (base 9) to base 8.
-565705
What is -218549 (base 10) in base 5?
-23443144
2307046 (base 8) to base 6
21231050
Convert -15b7a (base 13) to base 12.
-2002a
4299a1 (base 12) to base 2
100000001010001001001
1629acb (base 13) to base 2
11011001101100010000111
Convert 1555c (base 14) to base 3.
2200222022
-1204164 (base 7) to base 16
-2549a
Convert 13111000101 (base 4) to base 3.
10121121011200
1089364 (base 11) to base 10
1901101
Convert -60520 (base 12) to base 8.
-364350
-10868450 (base 9) to base 10
-5300928
What is 2132223330 (base 5) in base 8?
21336541
Convert 212042204 (base 5) to base 3.
1200101112222
-192c9 (base 16) to base 14
-29813
879178 (base 10) to base 9
1580004
What is -720041 (base 8) in base 16?
-3a021
What is -97774 (base 11) in base 9?
-235723
Convert 202003322201 (base 4) to base 13.
1b081b9
What is -110000110100111010011 (base 2) in base 7?
-16412410
What is 31b47 (base 16) in base 3?
101100021102
What is -43878 (base 10) in base 12?
-21486
1690a7 (base 13) to base 10
562569
c87485 (base 15) to base 13
1c91357
143a15 (base 12) to base 8
1224761
What is 16795a2 (base 12) in base 14?
88b21c
-16340125 (base 8) to base 9
-7107671
What is -11402520 (base 6) in base 4?
-1113132300
Convert -1322013121 (base 5) to base 9.
-6210276
18a525 (base 16) to base 2
110001010010100100101
34745748 (base 9) to base 5
13312343024
Convert 1010000110001000101100 (base 2) to base 6.
132420352
-22110110220 (base 3) to base 11
-104159
45546500 (base 7) to base 15
538b8e
What is -40323402 (base 5) in base 2?
-1001111000000010010
430325 (base 8) to base 11
98961
Convert 63523060 (base 7) to base 12.
1977981
4e33 (base 16) to base 4
10320303
Convert 1010176 (base 9) to base 13.
15ac44
Convert 63b6a1 (base 15) to base 11.
2752339
What is 174c9c (base 14) in base 13?
229436
What is 505312443 (base 6) in base 12?
2a95723
Convert -111032022 (base 5) to base 12.
-1b5668
Convert -2526747 (base 8) to base 12.
-299033
What is 27b17b (base 12) in base 2?
10100001101000101111
What is 8544038 (base 9) in base 5?
2132412333
-12202302 (base 4) to base 10
-26802
Convert -2935c8 (base 14) to base 8.
-5352374
Convert -3ed04f (base 16) to base 13.
-b11945
What is -c64ac (base 13) in base 16?
-5717c
What is 28aa063 (base 12) in base 5?
4043443324
-5733318 (base 9) to base 2
-1011110011000011000110
-60b4ac (base 13) to base 15
-2e772d
-24002430 (base 5) to base 9
-363511
What is 19202 (base 11) in base 15?
7e5e
What is -d90177 (base 15) in base 10?
-10327837
-3236001 (base 9) to base 11
-a86708
What is -12493109 (base 10) in base 3?
-212111201022202
-1001011100010110111010 (base 2) to base 15
-33d700
-2010304130 (base 5) to base 11
-2288a73
Convert -17ff (base 16) to base 13.
-2a47
-4dc96d (base 15) to base 6
-212042421
-30311113 (base 4) to base 13
-1ac08
What is -2124001 (base 6) in base 15?
-20e9a
What is 2220200110200 (base 3) in base 14?
2c45a2
-445c81 (base 15) to base 9
-6117414
Convert 17460b (base 12) to base 7.
3262226
Convert 23b86 (base 12) to base 16.
bcd6
1836154 (base 9) to base 14
1ca900
Convert -405523 (base 7) to base 5.
-4203310
-1345102 (base 11) to base 9
-4325460
What is 20112122200221 (base 3) in base 10?
3477112
What is -2c927 (base 14) in base 11?
-768a8
What is cb94 (base 16) in base 6?
1041140
Convert -944d0 (base 16) to base 6.
-21004120
Convert -31131111 (base 4) to base 7.
-316500
What is -23e95d (base 15) in base 5?
-420014423
What is -215302 (base 10) in base 7?
-1554463
3626432 (base 8) to base 3
1212112022112
-78448 (base 12) to base 5
-20101413
2ba0 (base 14) to base 13
370a
Convert 91d31 (base 14) to base 13.
c3a51
Convert -1001001101001111011100 (base 2) to base 16.
-24d3dc
What is 10322232 (base 5) in base 2?
10101101111101011
Convert -1000101010010 (base 2) to base 16.
-1152
Convert 221223242 (base 5) to base 4.
3222220300
What is 20112111122 (base 3) in base 13?
4674b
2031120403 (base 5) to base 13
b28a90
What is 101111111010110010 (base 2) in base 15?
3d24e
-91350 (base 16) to base 6
-20425320
What is 161186 (base 9) in base 12?
49573
1000010111101010 (base 2) to base 15
a257
666566 (base 7) to base 9
188275
3365426 (base 7) to base 10
419705
Convert 12154358 (base 9) to base 11.
3398554
-53464013 (base 7) to base 4
-101113233032
What is -322233002 (base 4) in base 16?
-3abc2
What is -14620 (base 11) in base 9?
-31364
Convert -672325 (base 9) to base 10.
-401945
1b146 (base 15) to base 16
157e9
1784135 (base 11) to base 9
5614674
Convert 72677 (base 10) to base 12.
36085
What is 47a205 (base 16) in base 2?
10001111010001000000101
122021221220122 (base 3) to base 14
13137a0
What is 5623477 (base 12) in base 6?
1345003031
What is -176654 (base 10) in base 2?
-101011001000001110
Convert -1100100001011000001101 (base 2) to bas